*q**2 + 0 + 0*q**3 - 1/20*q**5. What is k(-4)?
0
Let c(l) be the third derivative of 0 + l**2 + 1/120*l**5 + 0*l + 1/360*l**6 - 1/2*l**3 + 1/4*l**4. Let b(i) be the first derivative of c(i). Determine b(0).
6
Let f(a) = -2*a - 4. Let k(m) = 3*m + 5. Let u(d) = -6*f(d) - 5*k(d). Give u(-2).
5
Suppose 0 = -4*s - 0 + 12. Let n(d) = -d. Let c(j) = -3*j - 3. Let a(m) = c(m) - 5*n(m). Determine a(s).
3
Let k be 4/((-16)/(-10))*(-12)/(-15). Let h(v) = v**3 + v**2 + 2*v + 1. Calculate h(k).
17
Suppose -5*a = 4*m - 7, -m - 2 = -4*a - 6*m. Let p(o) = -o**2 + o + 3. Calculate p(a).
-3
Let r(t) = t - 5. Let y(x) = -x. Let s(w) = -r(w) - 2*y(w). Let v(m) = -m**2 - 2. Let i be v(-2). Calculate s(i).
-1
Suppose 0 = 4*h - 3*r + 21, -2*r - 12 = 3*h + 8. Let z(n) = n**2 + 8*n + 8. What is z(h)?
-4
Let h(f) = 5*f**3 + f. Let u(d) = -d**3 + 6*d**2 + d - 5. Let o be u(6). Suppose 0*j = 5*j - 2*q + 1, -4*j + q = -o. Determine h(j).
6
Suppose -j = -5*a + 2, 5*j - 28 = -3*a - 10. Let u(v) be the first derivative of -2*v + 2 + v**2 + 1/3*v**j. Determine u(-4).
6
Let u(s) = -5*s**2 - 3 + 2 + 5*s**2 + s**2 - 7*s**3. Suppose 2*x + 3 = -0*x - z, -5*x - 4*z = 9. What is u(x)?
7
Let n(v) be the third derivative of 0*v - 1/60*v**5 + 0*v**3 - 5/24*v**4 + 0 - 5*v**2. Suppose 0 = 5*j - 2*h + 22, -j - 1 = 2*h + 1. Determine n(j).
4
Let h(b) = -2*b**3 - b**2 + 2. Let t(s) = -3*s**3 - s + 2. Let c(k) = 4*h(k) - 3*t(k). Give c(3).
2
Let j(w) = 7*w**2 + 6*w + 2. Let k(m) = 6*m**2 + 6*m + 2. Let f be 64/14 + (-30)/(-70). Let x(g) = f*j(g) - 6*k(g). Let p = 11 - 16. Determine x(p).
3
Let n(r) = r**2 - 23. Let h be n(5). Let v(w) be the first derivative of -2*w**2 + h*w + 1 - 1/3*w**3. Calculate v(-4).
2
Let f(j) be the third derivative of -j**5/30 - j**4/6 + j**3/6 + 2*j**2. Let m(w) = -w - 8. Let d = -12 + 7. Let i be m(d). What is f(i)?
-5
Let o = 7 - 5. Let p(l) = 2*l + 4*l - 2*l - o. Calculate p(2).
6
Let k(b) = -b**2. Let o(s) = s**2 - 2*s - 3. Let q(l) = 2*k(l) - o(l). What is q(-2)?
-13
Let a = 0 - -3. Let p be 2/(-4) + (-9)/(-18). Let z(m) = 1 + a*m + p - 6*m. Determine z(1).
-2
Let b(l) = 2*l + 4*l**2 - 2*l**2 - 3*l**2 - 1 - 5*l**3. Let f(m) = m**3 + 5*m**2 - 10*m + 1. Let n be f(-7). Let c be n/(-33) + (-4)/(-22). Give b(c).
-5
Let y(d) = 4*d. Let r(l) = l - 5. Let p be r(4). What is y(p)?
-4
Let z(y) be the third derivative of -y**5/60 - y**4/12 + 5*y**3/6 - y**2. Let q be (-42)/11 - (-7)/308*-8. Give z(q).
-3
Suppose 5 = -w + 2*p, 0*p + 11 = -w + 4*p. Let r = 1 + 1. Let x(g) = 4*g**2 + r - 1 + 4*g**2. Determine x(w).
9
Let a(h) = -h**2 - h + 1. Suppose -4*j = -16, k - 7 = -5*j + 10. What is a(k)?
-5
Suppose 3*o - 1 = 5. Let z(j) = 5*j - 3*j + j - o*j. Calculate z(-3).
-3
Let j(f) be the third derivative of f**6/120 - f**5/20 - 5*f**4/24 + 5*f**3/6 + 21*f**2. Suppose -5*u - 13 = -33. Determine j(u).
1
Let r(s) = s**3 + 2*s - 1 + 2 + 0*s + 3 + 4*s**2. Let g(m) = -m**3 + 3*m**2 - 2*m + 3. Let b be g(3). Calculate r(b).
7
Let v(q) = 8*q**2 + 30 - 3*q**2 + q**3 - 35 - 8*q + 6*q. Suppose 5 = -3*x + 2*x. Determine v(x).
5
Let d = 39 + -34. Let u(y) = 2*y**3 - 8*y**2 - 10*y - 1. Let f(j) = j**3 - 4*j**2 - 5*j. Let c(w) = -11*f(w) + 6*u(w). What is c(d)?
-6
Suppose 8 = -2*w + 4*w. Suppose 4*p = -16, p + w*p = -3*v - 26. Let d(s) = -s**2 + 0 + 3 - 2*s - 5. Give d(v).
-2
Let f(m) = m**2 - m - 2. Let i be ((-8)/10)/(12/(-30)). Determine f(i).
0
Let y = -163 - -167. Let j(d) be the first derivative of -y + 1/2*d**2 - 5*d. Determine j(-5).
-10
Let n = 2 - -34. Let z be (-2)/9 + 8/n. Let o be ((-2)/6*z)/1. Let d(h) = h + 9. What is d(o)?
9
Let i(j) be the first derivative of -3*j**4/4 + j**3/3 + 2. Determine i(1).
-2
Let z = 1 + 3. Suppose 0 = -3*g + 3*j + 39, 0 = -z*g + 2*j - j + 37. Suppose -l = l + g. Let h(q) = -q**2 - 5*q. Determine h(l).
4
Let m(u) = -u**3 + 5*u**2 + 3*u - 9. Let g(f) = f - 1. Let k(r) = -6*g(r) + m(r). Suppose 4*p - 9 = t, 0 = -3*t + 8*t - 2*p - 9. Determine k(t).
6
Let l(f) = -1 + 0*f**3 + f + f**2 - 4*f**3 + 5*f**3. Let i be (2 - 5)*(-10)/(-15). Give l(i).
-7
Let f(i) = -i - 1. Let l = 32 - 18. Let d = -10 + l. Let z be 70/15 + d/(-6). What is f(z)?
-5
Let s(u) = -2*u**3 - 3*u**2 + u + 2. Let d = -1 + -1. Calculate s(d).
4
Let r(l) = 17*l - 8*l + l**2 - 8*l - 2*l. Give r(-3).
12
Let y(w) = w**3 - 2*w**2 - w - 4. Let x be y(3). Let d(t) = 3*t**3 + t**2 - 3*t + 2. Calculate d(x).
24
Let x(z) = z**3 - 6*z**2 + z - 4. Let y be x(6). Let c(k) = k**y - 22*k + 22*k. Suppose 3 = q + 6. Give c(q).
9
Let k(i) = i**2 + 2*i**2 + 3*i + 1 - 3*i**2 - 3*i**2 - i**3. Calculate k(-3).
-8
Let d be (0 - 3)*(1 - 0). Let f(s) be the third derivative of -s**6/120 - s**5/12 - 5*s**4/24 - s**3/2 + 29*s**2. Determine f(d).
-6
Let d = 4 + 5. Let a = -3 + d. Let f(m) = -m**2 + 5*m - 2. Give f(a).
-8
Let w(b) be the third derivative of 0*b - 4*b**2 + 1/6*b**3 + 0 + 1/8*b**4. Give w(-2).
-5
Let k(a) = -a - 1. Let u(w) be the third derivative of -7*w**4/24 - 2*w**3/3 + 2*w**2. Let f(s) = -6*k(s) + u(s). Determine f(5).
-3
Let x(j) be the first derivative of 7/2*j**2 + 2 + 4/3*j**3 - 4*j - 1/4*j**4. Give x(5).
6
Let p(d) be the first derivative of 3*d**2/2 + 7*d - 2. Let j be p(-8). Let v = j - -12. Let a(m) = m**2 + 5*m + 6. Calculate a(v).
6
Suppose 2*b = -1 - 1. Let y(g) = -g**2 - 3. Let r(k) = k**2 + 1. Let w(j) = -5*r(j) - 2*y(j). Determine w(b).
-2
Let p(h) be the third derivative of -h**4/12 - 2*h**3 - 5*h**2. What is p(-8)?
4
Let t be 1 - (-6)/((-6)/(-2)). Suppose -t*k + 4*k - 2 = -4*a, -2*a - 5*k - 8 = 0. Let z(x) = 7*x. What is z(a)?
7
Let d be ((-4)/6)/((-1)/6). Let g(s) = d - 3*s + 1 + 2*s. Let o = -18 + 18. Determine g(o).
5
Let b = -2 - -2. Suppose -2*w + 4 = -b*w. Let k(d) = -3*d**w + 2 - d + 2 - 5 + 4*d**2. Determine k(-1).
1
Let s(p) be the third derivative of -11*p**6/120 + p**5/60 - p**4/24 - p**3/6 + 3*p**2. Let w = 8 + -9. Calculate s(w).
12
Let w(n) be the first derivative of -n**2/2 - 10*n - 69. Suppose -4 + 1 = b + 3*p, -4*b - 3 = 3*p. What is w(b)?
-10
Let z = 6 - 8. Let g be (z - (-2 - -7)) + 2. Let f(y) = -y**2 - 4*y + 6. What is f(g)?
1
Let z(o) be the third derivative of o**4/12 + o**3/6 - o**2. Let w(d) = -2*d - 45. Let b be w(-20). Calculate z(b).
-9
Let w be 6*(-4)/((-32)/28). Let q = w + -26. Let f(z) = -z**2 - 4*z - 1. Determine f(q).
-6
Let z(b) = b**2 + 5*b + 3. Suppose 3*s = 25 - 10. Suppose -4*j - s*f - 26 = -10*f, 3*f = -j + 2. Give z(j).
-1
Let k(t) = t**2 + 2*t + 1. Let a be k(-1). Let d(h) = h + 16 - 18*h**3 + h**2 + 10*h**3 + 7*h**3. What is d(a)?
16
Let p(z) = -z - 1. Let i = -2 + 7. Suppose i*c + 6 = 3*u, 5 = c - 5*u + 15. Determine p(c).
-1
Suppose 0*r + 3*r - 6 = 0. Suppose -q - q = 5*t + 9, r*t - 3*q = 4. Let o(h) = -2*h. Determine o(t).
2
Let b = -5 - -7. Suppose -5 = b*x - 15. Let a(c) = 3*c + 2 + 0 + c**3 + 0 + x*c**2. Give a(-4).
6
Let y(f) = 4*f**3 + 4*f**2 - 6*f. Let o(z) = -7*z**3 - 7*z**2 + 11*z. Let m(a) = 3*o(a) + 5*y(a). Calculate m(-3).
9
Let z(q) = 3*q - 9. Let l(u) = -u**2 + 5*u + 6. Let f be l(5). What is z(f)?
9
Let r(o) = 2*o - 2. Suppose -19 = -0*a - a + 5*f, -a + f = -3. Let q be -3*-5*a/(-3). What is r(q)?
8
Let w(d) = -d**2 - 13*d - 12. Let g(i) = 2*i**2 - 11. Let v be g(0). Give w(v).
10
Let w(x) = -3*x**3 - x**2 + x. Let t be 4 + 4*5/(-10). Give w(t).
-26
Let w(b) = b**3 + 6*b**2 + 5*b + 2. Let n = -6 - -8. Suppose -c - 4*c = -50. Let j be (5/c)/(n/(-20)). What is w(j)?
2
Let u(p) = p**3 + 2*p**2 - 3*p. Let s = 4 + -2. Suppose 6 = -4*k + s*k. Let a(b) = b. Let x be a(k). Determine u(x).
0
Let v be 6/(5/(-10)*2). Let m(k) = k**3 + 5*k**2 - 5*k + 8. What is m(v)?
2
Let v(m) = -m**3 - 4*m**2 + 3*m. Let x(p) = p**2 - p - 24. Let o be x(5). Give v(o).
-12
Suppose 0 = n + 3*n + 16. Let j = -5 - -2. Let q(v) = 3. Let o(l) = l - 3. Let d(i) = j*q(i) - 2*o(i). Calculate d(n).
5
Let r(l) be the third derivative of -l**6/120 + l**5/30 + l**4/6 + 2*l**2. Let k be r(3). Suppose 0*b + k*b = 0. Let x(q) = q**3 - q**2 + q - 2. Give x(b).
-2
Let w(r) = -r**2 - 5*r - 3. Suppose 0*a - 7 = -a. Let d(k) = 23 - 7*k - 17 - 11 - k**3 + 8*k**2. Let n be d(a). What is w(n)?
-3
Let f(d) = -d**3 - 3*d**2 + d + 6. Let j(y) = 3*y**3 + 7*y**2 - 2*y - 13. Let b(s) = -5*f(s) - 2*j(s). Calculate b(0).
-4
Let y(o) = o. Let j(u) = -1. Let p(x) = -x**3 + 